16. Suppose -g*m + 4 = -t*m. What is the units digit of m?
2
Suppose 0 = c - 5*n - 71, 3*n + 192 = 3*c - 21. What is the tens digit of c?
7
Let g(f) = f**2 + 14*f + 5. What is the tens digit of g(-16)?
3
Suppose -48 = -5*g - 13. Suppose 2 + g = d. What is the units digit of d?
9
Let m(h) = 405*h + 3. What is the units digit of m(1)?
8
Let o(f) = f**2 + 1. Let n be o(1). Suppose -40 = -n*a - 3*a. What is the units digit of a?
8
Let y be (-30)/35 + (-3)/21. Let s(l) = -26*l. What is the tens digit of s(y)?
2
Let o = -7 + 10. Suppose -o*v = -v - 66. What is the tens digit of v?
3
Suppose -j + 1 = -2. Suppose 0*d + 6 = 4*d - a, j*d + 3*a - 12 = 0. What is the units digit of d?
2
Suppose -11*l + 470 = -6*l. What is the tens digit of l?
9
Suppose -9 - 251 = -4*i. Suppose i = 4*f + 17. What is the units digit of f?
2
Let g = 11 + 4. What is the units digit of g?
5
Let v = 3 + -1. Suppose 2*z + 4*y - 12 = 18, -6 = -v*y. What is the units digit of z?
9
Let h(r) = 3*r**3 + r**2 - r - 2. What is the tens digit of h(2)?
2
Let d(g) = 2*g**3 - 5*g**2 + g - 5. What is the units digit of d(5)?
5
Let x(v) = v**3 + 18*v**2 + 2. What is the units digit of x(-18)?
2
Let k be 42/8 - 1/4. Let y = 8 - 11. Let o = k + y. What is the units digit of o?
2
Let z be 12/8*(-6)/9. Let w(y) = -2*y**2 - 3*y + 1. Let c(u) = -u. Let b(v) = z*w(v) + 3*c(v). What is the units digit of b(-1)?
1
Let f(c) = -4 - 8*c + 0 + 2. What is the tens digit of f(-3)?
2
Suppose h = 2*h - 45. Suppose x + 4*a = 15, -3*x = -6*x - a + h. What is the units digit of x?
5
Suppose 0 = -5*c + c + 16. Suppose 5*v + c*d = 39, -3*d = -7*d + 4. What is the units digit of v?
7
Suppose 4*u = -f + 41, -2*f + 12 + 5 = -5*u. What is the units digit of f?
1
Let d be 1 + -2 + 3/3. Suppose d = -2*o + 1 + 7. Suppose o*w + 24 = 4*c + 2*w, -5*c + 2*w = -31. What is the units digit of c?
7
Let a(s) be the third derivative of 0*s**3 - 2*s**2 + 0 + 0*s - 1/24*s**4. What is the units digit of a(-2)?
2
Let i = -3 + 5. Let k = -5 + i. What is the units digit of (-5)/k*(-1 - -4)?
5
Suppose 0 = 2*v, -v - 33 - 15 = -2*b. What is the units digit of b?
4
Suppose 5*v = 2*v + 9. Suppose -v = 2*h + 1, -h + 50 = 2*u. What is the units digit of u?
6
Let r(i) = 4*i**2 - 2*i - 5. Let d(w) = -3*w**2 + 2*w + 4. Let g(u) = 3*d(u) + 2*r(u). Let x be g(-5). What is the units digit of (-1)/4 - x/4?
8
Let g(h) = 2*h**2 - 7*h + 4. Let k be g(4). Let m = k - -9. What is the tens digit of m?
1
Let a be ((-4)/(-2))/(4/4). What is the units digit of (1/a)/((-2)/(-36))?
9
Let x(r) = r**2 + 10*r + 12. Let j be x(-9). Suppose -3*o = -9, -9 = -2*z + j*o - 2*o. Suppose z*n - 4 = 2*n. What is the units digit of n?
1
Let n(a) = -2*a - 3. Let k be n(-2). Let u be 2 + (-2)/((-2)/k). Suppose 2*g - b + 12 = u*b, -5*b + 41 = 4*g. What is the units digit of g?
4
Suppose 2*u = -37 + 119. What is the units digit of u?
1
Let d = 1 - 0. Let p be 7 + 1 - d - 2. Suppose -20 = y - p*y. What is the units digit of y?
5
Suppose -5*r = 4*g - 23, 2*r - 13 = r + 2*g. What is the tens digit of (-2)/r + (-172)/(-14)?
1
Suppose h = 4*q - 5, -q - h = -3*q + 1. Suppose q*p - 29 = 1. What is the units digit of (-10)/(-6) - (-5)/p?
2
Suppose w + 5*s - 5 = -0*w, 2*s = w + 2. Suppose w = 2*m - 54 + 12. Let c = m - 15. What is the units digit of c?
6
Suppose -5*m + 25 = -0*m. Suppose c + 0*c = 2. Suppose 5*n - m = -2*g + 6*g, -c*g + 5*n = 15. What is the units digit of g?
5
Suppose -f = f + 2*p - 22, 5*f = 4*p + 28. What is the units digit of f?
8
Let b(f) = -f**2 + 8*f - 9. Let i be b(7). What is the units digit of (39/(-2))/(i/4)?
9
Let i = 13 - -9. Let t = 40 - i. Suppose 2*w = 3*v - 43, 5*w - 2 = t. What is the units digit of v?
7
Suppose 13 = n - 5. Suppose 0 = 3*g + 4*c - 51, -g + 3*c - 4*c = -n. What is the units digit of g?
1
Let h(p) = p**2 - 2*p + 1. Suppose -5*f - 3*b + 4*b + 17 = 0, -3*b = 6. Let r be h(f). Suppose m - 5 = r. What is the units digit of m?
9
Suppose y - 5*y = 4. Let k(u) = 12*u**2 - u. What is the units digit of k(y)?
3
Let a = -8 - -2. What is the units digit of a/12 - (-47)/2?
3
Let s = 39 - -170. What is the hundreds digit of s?
2
Let l be (-1 + 2 + -2)*-2. Let u(m) = 1 - 6*m - l - m - 15*m. What is the tens digit of u(-1)?
2
Suppose -371 = -6*i + 241. What is the tens digit of i?
0
Suppose -6 = -5*r + 29. Let n = -5 + r. Suppose 7*h - n*h = 60. What is the units digit of h?
2
Let v = 26 - 2. Suppose 2*g = 3*t + v, -t + 12 = 2*g - 4. What is the units digit of g?
9
Suppose 4*s - 78 = 58. What is the units digit of s?
4
Suppose -3*b - 4*x = -2*b + 16, 0 = -x - 2. What is the tens digit of b*((-25)/4 - -3)?
2
Suppose 5*s = -5, -p - p = -s + 35. Let a(t) = 6*t - 9. Let c be a(6). Let z = c + p. What is the units digit of z?
9
Let m = -314 + 666. What is the tens digit of m?
5
Let u = 348 - 242. What is the tens digit of u?
0
Let z(r) = r**2 - 3*r + 2. Let t be z(3). Let o = 6 - t. Suppose i = o*u - 37, 0 = 2*u + u - i - 29. What is the units digit of u?
8
Let u be ((0/3)/1)/2. Let v be 2 + (5*6)/2. Suppose x + 1 = -3*o, -4*o + u*o = 3*x - v. What is the units digit of x?
1
Let s(r) = -r**2 - 6*r - 4. Let g be s(-5). Let o be 1 + g - 1 - 4. Let h = 17 + o. What is the tens digit of h?
1
Suppose 0 = 2*y - 32 - 58. What is the tens digit of y?
4
Suppose -132 = -5*j + 238. What is the units digit of j?
4
Suppose 5*x - 5*b + b - 893 = 0, -3*b - 537 = -3*x. What is the units digit of x?
7
Let o be (11/(-3))/(2/6). Let v = o - -8. Let i = 2 - v. What is the units digit of i?
5
Suppose -4*k = o - 7*k - 85, 3*o = -5*k + 241. What is the tens digit of o?
8
Let h(y) = 78*y - 3. What is the tens digit of h(1)?
7
Suppose -g - 2*c = -3 - 1, 4*g - 16 = 4*c. Suppose 0 = 4*a - 8, 4*s - 3*s + g*a = 10. Suppose -6 = k - s*k. What is the units digit of k?
6
Let l = 73 - 33. What is the tens digit of l?
4
Let q(a) = -12*a - 11*a**2 - 18 + a**3 + 10 - 2*a**3. What is the units digit of q(-10)?
2
Let t = 23 + -18. Suppose -c + t*j = -8, 2*c - j + 3 = 46. What is the tens digit of c?
2
Let q = 13 + -23. Let f(y) = 3*y - 3. Let d be f(3). What is the units digit of d/(-4)*q/15?
1
Suppose 4*n = -4*x + 116, -5*n + 173 = x - 3*x. What is the tens digit of n?
3
Let k be (80 - -2)/(1*-1). What is the units digit of k/(-12) - (-2)/12?
7
Let c be 6*(130/2 - -2). Suppose 0 = 5*x + 97 - c. What is the tens digit of x?
6
Let l(j) = -5*j**2 + 65*j + 25. Let w(v) = -v**2 + 16*v + 6. Let o(h) = -2*l(h) + 9*w(h). Let n be o(-7). Let i = n + 65. What is the units digit of i?
0
Suppose 5*i - 4*s - 8 = 0, 6*i - 2*s = i + 4. Let z = i - 2. Let m = -1 - z. What is the units digit of m?
1
Suppose 8 = 2*q + 4. Suppose 31 = m - 2*f - f, -3*m + q*f + 114 = 0. What is the units digit of m?
0
Suppose 4*q - q = 9. Suppose q*x = -j + 2*j + 11, x - 25 = -5*j. What is the units digit of j?
4
Suppose 7 = 2*i - 3. What is the tens digit of (136/(-20))/((-2)/i)?
1
Suppose 2*d - 20 = -2*d - 4*j, 3*d - 10 = 2*j. Suppose -d*t - o = -10, -6*t = -4*t - 2*o. What is the units digit of t?
2
Let p be (-9)/2 - (-4)/8. Suppose -2*m - 20 = l, 4*l - m + 19 + 34 = 0. What is the units digit of 2*(l/p + -2)?
3
Let t = 0 - -42. What is the tens digit of t?
4
Let m be (1 + -26)*(-3)/5. Let q = -9 + m. What is the units digit of q?
6
Let i = -99 + 139. What is the units digit of i?
0
Suppose 0 = 4*t - 8*t - 36. Suppose 3*n - 5*f = 33, -3*f = -2*n + n + 7. Let o = t + n. What is the units digit of o?
7
Let x(v) be the second derivative of v**3/3 - v**2/2 - v. Let d be x(3). Suppose -d*r - 2*k = k - 13, k + 29 = 5*r. What is the units digit of r?
5
Let x be 4 - -82*3/6. What is the units digit of x + 0 + 1 + -2?
4
Let m be (16/20)/((-4)/(-90)). Suppose 0 = 4*k - 38 - m. What is the tens digit of k?
1
Let u(c) = -c**2 - 4*c + 4. Let a be u(-4). Suppose -5*k = 4*g + 23, -g - a = k + 1. Let v = k + 4. What is the units digit of v?
1
Let m(y) = -y**2 + 10*y - 2. Let q(c) = c**2 - c - 4. Let r be q(4). What is the units digit of m(r)?
4
Let s = -1 + 1. Suppose 0 = 5*f - s*f - 5. What is the units digit of -2 + 7 + -2 + f?
4
Let g = -317 + 490. What is the tens digit of (-2)/(-5) - g/(-5)?
3
Suppose 0*j = 2*j - 3*o + 124, o = 0. Let q = j - -99. Suppose s + b = 3 - 2, 5*s - 3*b - q = 0. What is the units digit of s?
5
Let t be (-